(-2))/(y/3996).
2, 37
List the prime factors of 0 + (-4748)/(-12)*(16 - 13).
1187
Let s = -9 + 13. Suppose 5*d + 0*d = s*z - 36, -20 = -5*d. List the prime factors of z.
2, 7
Suppose -3*s - 2*s + 330 = 0. What are the prime factors of (-2 - (3 + -1)) + s?
2, 31
List the prime factors of ((-423108)/368)/((-3)/8).
2, 3, 7, 73
Suppose 0 = u - 118 - 189. What are the prime factors of u?
307
Suppose -2*k - 30 = -4*u, -2*u - k - 2*k = 5. Let n = u + 0. What are the prime factors of -1 + 23 - (n + -4)?
3, 7
Suppose 0 = 4*o + 4*s - 5136 - 20584, -2*s = -4. What are the prime factors of o?
2, 1607
Suppose 0 = 5*a + 10, -3*m - 5*a + 265 = 2*m. Let y = 72 + -50. Suppose -y = -w + 5*p, -2*w + 11 + m = p. List the prime factors of w.
2
Let z(f) = 12*f - 9. Let p be z(4). Let h = p + 30. What are the prime factors of h?
3, 23
Let v(k) = k**3 - 14*k**2 + 42*k - 79. What are the prime factors of v(16)?
5, 13, 17
Let o = -12 - -24. Suppose -4*s - o = -8*s. What are the prime factors of -2*3/6 + s?
2
Suppose -2*j - 3 = -2*q + 43, 3*q - 2*j - 70 = 0. What are the prime factors of 924/q + 1/2?
3, 13
Let o = -1488 + 877. Let q = -339 - o. List the prime factors of q.
2, 17
Suppose 14835 = 40*t - 66565. List the prime factors of t.
5, 11, 37
Suppose 0 = -6*h - 17*h + 12949. List the prime factors of h.
563
Suppose 2*v = p + 828, 0 = -5*v + 6*p - p + 2060. What are the prime factors of v?
2, 13
Let u(h) be the third derivative of h**5/60 + 5*h**4/24 + 10*h**3/3 + 6*h**2 + h. What are the prime factors of u(-9)?
2, 7
Let u(j) = j**3 + 2*j**2 + 2*j + 1. Let d be u(-2). Let t be (34/d)/((-2)/24). Suppose 3*b = -b + t. List the prime factors of b.
2, 17
Let d(m) = 15*m**2 - 14*m + 0*m + 44 - 14*m**2. List the prime factors of d(11).
11
Suppose -32 = 3*j + j. Let r be 742/42 - j/6. Let x = r + -17. What are the prime factors of x?
2
Suppose -5*v + 2*x + 3438 - 371 = 0, 2*v + 2*x = 1238. List the prime factors of v.
3, 5, 41
Let s(h) = -7*h**2 - 10*h - 6. Let j(k) = 20*k**2 + 30*k + 19. Let n be (136/4)/(6/3). Let m(p) = n*s(p) + 6*j(p). List the prime factors of m(-11).
23
Let j = -1872 - -4549. List the prime factors of j.
2677
Let j = -11 - -17. Suppose -21 = -5*n - j. Suppose -n*r + 2*o + 124 = r, -2*r = 4*o - 42. List the prime factors of r.
29
Let c = 187 + -19. List the prime factors of c.
2, 3, 7
Let g(f) = 45*f + 2. Let z be g(1). Suppose -3*k + 34 = -z. Suppose -4*y - 2*r = -128, r - k = -y + 3*r. List the prime factors of y.
31
Suppose 3*h - 6 = 9. Suppose -2*a - 17 = 3*p - 106, 0 = -p + h. What are the prime factors of a?
37
Let j = 1552 - 405. List the prime factors of j.
31, 37
Let z be (-32)/12 - (-2)/(-6). What are the prime factors of 68 + 0 + z + -1?
2
What are the prime factors of -4 - 135/(-35) - 4034/(-14)?
2, 3
Let p be (-1 + 1)/(4 - 3). Suppose p = -b + 3*b + 124. Let u = -39 - b. What are the prime factors of u?
23
Let v(i) be the first derivative of i**3/3 - 11*i**2/2 - 4*i - 7. List the prime factors of v(13).
2, 11
Let o(t) = 36*t + 14. List the prime factors of o(3).
2, 61
Suppose -3*v - 4*c = 1 - 9, -4*c + 8 = 0. Let n(x) = -x**3 + x. Let q(g) = 7*g**3 + g**2 - 6*g - 33. Let b(t) = -6*n(t) - q(t). List the prime factors of b(v).
3, 11
Let v = 209 + -78. Suppose -1 = a, -2*k + 2*a + v = 3*a. What are the prime factors of k?
2, 3, 11
Let q(y) = -16*y + 13. Let u(j) = -2*j**3 + 11*j**2 - 11*j + 22. Let d be u(5). What are the prime factors of q(d)?
3, 47
Let r(w) = w**3 + 18*w**2 - 20*w - 53. List the prime factors of r(-17).
2, 3
Let o(a) = a**3 + a**2 + a + 228. Let m be o(0). Suppose 17*g = 13*g + m. Suppose -3*p + l = -g, 38 = -p + 3*p - 4*l. List the prime factors of p.
19
Let h be 8/(-32)*-1 - (-1)/(-4). Suppose h = -y - 2*g + 198, 7*y + 3*g = 11*y - 781. List the prime factors of y.
2, 7
Let i(f) = -f**3 - 10*f**2 - 10*f - 6. Let j be i(-9). Suppose 3*y + 9 = -3*h, j*h + 2 = 4*y - 14. List the prime factors of 45*(-4)/(-12)*y.
3, 5
Let c(s) = -2*s**3 - s**2 - 13*s - 78. What are the prime factors of c(-9)?
2, 3, 59
Let b(n) = -69*n**2 - 70*n**2 + 1 + 140*n**2 + 3*n - 27*n**3. List the prime factors of b(-1).
2, 13
Let x be ((-50)/40)/((-10)/4)*-2. What are the prime factors of (-494)/39*x/(4/6)?
19
Let q = 2916 + -798. What are the prime factors of q?
2, 3, 353
Let m = 63 - 61. Suppose -5*c + m*c + 321 = 0. What are the prime factors of c?
107
Let q(r) = -47*r - 24. List the prime factors of q(-7).
5, 61
What are the prime factors of (-792)/77*70/(-15)?
2, 3
Suppose 5*b = 5*z - 60, -5*z - 37 = 5*b - 7. Let c = 30 + b. What are the prime factors of c?
3, 7
What are the prime factors of (-14)/(-63) - 1*15278/(-18)?
3, 283
What are the prime factors of 6054/(2/(-10)*-15)?
2, 1009
List the prime factors of 8/4 - (0 - 577).
3, 193
Let p be (-56)/(-9) + 18/(-81) + 0. Suppose z = 5*o - 0*z - 243, p = -2*z. What are the prime factors of o?
2, 3
Suppose r - 4*r - 3 = 0, 3*r - 7 = -5*b. Suppose 5*s + 4*n = 2 + 8, -s + n + b = 0. List the prime factors of s/((-1)/(-6)*2).
2, 3
Suppose -3*x + 0*x + 216 = 5*d, -78 = -2*d + 3*x. Let n = 3 + 0. Suppose -n*p - d = -10*p. List the prime factors of p.
2, 3
Let g = 122 + -116. Let u = 68 - g. What are the prime factors of u?
2, 31
Let k(y) = 6*y + 8*y - 27*y + 2 + 14*y. Let p = 0 - -1. List the prime factors of k(p).
3
Let c = 16 - 19. Let x be (20/30)/((-1)/c). Suppose x*k + 9 = 3*k. List the prime factors of k.
3
Suppose s - 19 = -11. Suppose s*v - 11*v = -480. List the prime factors of v.
2, 5
Suppose -2*g + 2095 = 5*v, -3*g + v = -0*v - 3168. What are the prime factors of g?
5, 211
List the prime factors of 4 - (106/(-4))/(6/120).
2, 3, 89
Let v = -2 - -7. Suppose -7*p + v = -9. Suppose 22 = p*c - 26. List the prime factors of c.
2, 3
Suppose 1561 - 619 = 2*v. What are the prime factors of v?
3, 157
Suppose -3 - 1 = -o. Suppose 0 = -o*g - 59 - 193. Let u = 97 + g. What are the prime factors of u?
2, 17
Let v(k) = k**2 + 2*k + 3. Let h(j) = -j**3 - 6*j**2 - 8. Let m be h(-6). What are the prime factors of v(m)?
3, 17
Let s = -6 + 9. Suppose -2*p = s*f + 2*p, -32 = 5*f - 4*p. What are the prime factors of f*(3 - (-148)/(-16))?
5
Let t(d) = 4*d + 2. Let q be t(1). Suppose 32 = 3*r - 5*a, 0 = 2*r + q*a - 2*a + 8. Suppose -g = r*g - 95. What are the prime factors of g?
19
Suppose -3*h - 90 = 99. Let f = h - -102. List the prime factors of f.
3, 13
Suppose -2*w = 2*y - 0*y - 12, -3*y = -4*w + 17. Suppose 2*j - q - y = 0, 2*q = 3*j - 3*q + 9. Suppose -8 = -b - j. List the prime factors of b.
2, 3
Let u(n) = 2*n**2 + 2*n + 4. Let f be u(-5). Let y = f - -8. What are the prime factors of y?
2, 13
Suppose -5*r = 5*r - 2030. List the prime factors of r.
7, 29
Let k(h) = 2*h - 13. Let q be k(9). Suppose -5*u = f - 418, -f = -q*u - 2 + 424. List the prime factors of u.
2, 3, 7
Let x(d) = 2*d**3 + 2*d**2 - 2*d + 490. What are the prime factors of x(0)?
2, 5, 7
Let w = -2366 + 3891. What are the prime factors of w?
5, 61
Let s = 380 + -573. Let k = s + 362. List the prime factors of k.
13
Suppose 2*i - 13 = 3*w, w - 3*w - 38 = -5*i. Let f be (-2)/(i/(-36)*3). Suppose 0 = f*d + k + 3*k - 65, -3*k = d - 30. What are the prime factors of d?
3, 5
Let g be 3*2/18*6. Suppose -7*s + g*s = -3*d + 50, 0 = -5*d - 4*s + 71. Suppose 5*p = 3*j - 166, 3*p - 102 = -2*j + d. What are the prime factors of j?
3, 19
Let v = -676 + 950. What are the prime factors of v?
2, 137
Let k(h) = 146*h + 73. List the prime factors of k(5).
11, 73
Suppose 3 = 3*z - 2*a, -5*z + 3 + 0 = -4*a. Let s be (-1 - -6)/(2 - z). Let h(n) = n**3 + 6*n**2 - n - 4. List the prime factors of h(s).
2, 13
Let q(h) = 23*h - 12. Let u = 125 - 115. List the prime factors of q(u).
2, 109
Suppose 5*r + 18 + 7 = -2*x, -3*r + 2*x = 15. List the prime factors of (-93)/6*((-2)/2 + r).
3, 31
Let r be (-2)/5 - (-12)/5. Suppose 10 = r*p - 4. List the prime factors of p.
7
Let t be ((-10)/(-3) - 2)/(4/(-6)). List the prime factors of ((-12)/(-14))/(t/(-98)).
2, 3, 7
Suppose 7*l = -0*l. Suppose -2*x = 2*u - l*u - 148, x - 2*u = 62. What are the prime factors of x?
2, 5, 7
Suppose -3*c - 1659 = 8*x - 3*x, 0 = 4*x + 4*c + 1332. Let l = x + 576. What are the prime factors of l?
2, 3, 41
Let m(n) = -2*n**3 + 60*n**2 - 80*n - 63. List the prime factors of m(28).
7, 17
Suppose -32